3
What is the ten thousands digit of 680550?
8
What is the hundred thousands digit of 9660869?
6
What is the units digit of 724139?
9
What is the hundreds digit of 11066902?
9
What is the tens digit of 6461323?
2
What is the ten millions digit of 29063025?
2
What is the thousands digit of 1046385?
6
What is the hundreds digit of 3890933?
9
What is the ten thousands digit of 7698885?
9
What is the hundreds digit of 14030244?
2
What is the thousands digit of 1609670?
9
What is the units digit of 224569?
9
What is the hundreds digit of 5141207?
2
What is the ten thousands digit of 29533576?
3
What is the units digit of 16276878?
8
What is the ten thousands digit of 475255?
7
What is the hundred thousands digit of 6216127?
2
What is the hundreds digit of 9203632?
6
What is the units digit of 2858580?
0
What is the thousands digit of 999488?
9
What is the ten thousands digit of 6452298?
5
What is the millions digit of 7934410?
7
What is the ten thousands digit of 3102111?
0
What is the thousands digit of 11986209?
6
What is the thousands digit of 4736350?
6
What is the ten thousands digit of 128660?
2
What is the tens digit of 225123?
2
What is the thousands digit of 1162758?
2
What is the hundred thousands digit of 1137391?
1
What is the thousands digit of 14945040?
5
What is the thousands digit of 6376921?
6
What is the millions digit of 3805915?
3
What is the hundreds digit of 39764361?
3
What is the thousands digit of 146579?
6
What is the thousands digit of 2079466?
9
What is the units digit of 6159556?
6
What is the tens digit of 204356?
5
What is the hundreds digit of 14078137?
1
What is the thousands digit of 6237546?
7
What is the hundred thousands digit of 1165677?
1
What is the hundreds digit of 5367790?
7
What is the tens digit of 11350264?
6
What is the hundreds digit of 201334?
3
What is the units digit of 1830431?
1
What is the thousands digit of 219457?
9
What is the thousands digit of 263291?
3
What is the thousands digit of 772646?
2
What is the hundred thousands digit of 1443303?
4
What is the millions digit of 8107745?
8
What is the ten thousands digit of 24936?
2
What is the hundred thousands digit of 134831?
1
What is the tens digit of 253997?
9
What is the hundred thousands digit of 2902562?
9
What is the tens digit of 6038258?
5
What is the hundred thousands digit of 1464139?
4
What is the hundred thousands digit of 8435124?
4
What is the ten millions digit of 15333181?
1
What is the units digit of 586156?
6
What is the ten thousands digit of 13503?
1
What is the units digit of 3410676?
6
What is the hundreds digit of 121418?
4
What is the hundreds digit of 9968454?
4
What is the ten thousands digit of 342687?
4
What is the ten thousands digit of 2003276?
0
What is the ten thousands digit of 12753209?
5
What is the tens digit of 11633?
3
What is the hundred thousands digit of 646486?
6
What is the tens digit of 294438?
3
What is the ten millions digit of 13738924?
1
What is the hundreds digit of 3390005?
0
What is the tens digit of 1355084?
8
What is the hundreds digit of 169534?
5
What is the tens digit of 376021?
2
What is the tens digit of 14153627?
2
What is the tens digit of 14083059?
5
What is the units digit of 4185523?
3
What is the hundreds digit of 489796?
7
What is the ten thousands digit of 369048?
6
What is the ten thousands digit of 76744?
7
What is the units digit of 934518?
8
What is the ten thousands digit of 2177620?
7
What is the units digit of 323817?
7
What is the hundreds digit of 2196043?
0
What is the units digit of 102343?
3
What is the hundreds digit of 10556321?
3
What is the hundreds digit of 5830707?
7
What is the hundred thousands digit of 212838?
2
What is the thousands digit of 400833?
0
What is the hundred thousands digit of 4344845?
3
What is the units digit of 368448?
8
What is the ten thousands digit of 240638?
4
What is the units digit of 8849521?
1
What is the units digit of 2580284?
4
What is the ten millions digit of 16227157?
1
What is the thousands digit of 232039?
2
What is the units digit of 12613549?
9
What is the hundred thousands digit of 2409075?
4
What is the ten thousands digit of 6820948?
2
What is the hundred thousands digit of 3416843?
4
What is the millions digit of 17883680?
7
What is the hundreds digit of 1990116?
1
What is the units digit of 1272609?
9
What is the hundred thousands digit of 8346694?
3
What is the thousands digit of 3308275?
8
What is the thousands digit of 495384?
5
What is the units digit of 54271?
1
What is the thousands digit of 1143882?
3
What is the thousands digit of 280819?
0
What is the thousands digit of 931437?
1
What is the ten thousands digit of 3880059?
8
What is the hundred thousands digit of 376290?
3
What is the hundred thousands digit of 5302464?
3
What is the hundred thousands digit of 6143958?
1
What is the ten thousands digit of 5197551?
9
What is the hundreds digit of 8674112?
1
What is the tens digit of 1093451?
5
What is the hundred thousands digit of 1192568?
1
What is the millions digit of 1606255?
1
What is the hundred thousands digit of 381334?
3
What is the thousands digit of 3284494?
4
What is the units digit of 752573?
3
What is the units digit of 624758?
8
What is the thousands digit of 610542?
0
What is the tens digit of 2238124?
2
What is the ten thousands digit of 2050843?
5
What is the thousands digit of 20967966?
7
What is the tens digit of 2646642?
4
What is the tens digit of 349009?
0
What is the thousands digit of 13307916?
7
What is the hundreds digit of 1753626?
6
What is the tens digit of 11152225?
2
What is the tens digit of 203534?
3
What is the units digit of 89215?
5
What is the thousands digit of 1407067?
7
What is the hundred thousands digit of 11377611?
3
What is the thousands digit of 33179?
3
What is the thousands digit of 6924787?
4
What is the tens digit of 2162489?
8
What is the ten thousands digit of 708914?
0
What is the thousands digit of 320709?
0
What is the ten thousands digit of 643450?
4
What is the hundred thousands digit of 22551231?
5
What is the thousands digit of 558965?
8
What is the hundred thousands digit of 6876259?
8
What is the tens digit of 263086?
8
What is the hundreds digit of 289601?
6
What is the ten thousands digit of 81493?
8
What is the units digit of 1690196?
6
What is the ten thousands digit of 8411543?
1
What is the ten thousands digit of 2043902?
4
What is the hundred thousands digit of 157728?
1
What is the ten thousands digit of 897613?
9
What is the ten thousands digit of 3761629?
6
What is the millions digit of 16769035?
6
What is the millions digit of 1017343?
1
What is the tens digit of 574871?
7
What is the hundred thousands digit of 19404603?
4
What is the ten thousands digit of 514605?
1
What is the millions digit of 18398384?
8
What is the tens digit of 15147441?
4
What is the hundreds digit of 1027355?
3
What is the hundreds digit of 6730297?
2
What is the hundred thousands digit of 385101?
3
What is the ten thousands digit of 107903?
0
What is the hundred thousands digit of 368483?
3
What is the ten thousands digit of 77662?
7
What is the thousands digit of 275985?
5
What is the thousands digit of 3963918?
3
What is the units digit of 1163565?
5
What is the hundred thousands digit of 374667?
3
What is the tens digit of 572199?
9
What is the units digit of 14235838?
8
What is the ten thousands digit of 2865609?
6
What is the thousands digit of 298553?
8
What is the thousands digit of 27804059?
4
What is the ten thousands digit of 4371339?
7
What is the hundreds digit of 636286?
2
What is the units digit of 1071836?
6
What is the hundreds digit of 83833?
8
What is the units digit of 7769529?
9
What is the thousands digit of 1623115?
3
What is the ten thousands digit of 76243?
7
What is the units digit of 32289308?
8
What is the thousands digit of 1286392?
6
What is the hundreds digit of 1110559?
5
What is the tens digit of 594568?
6
What is the tens digit of 204021?
2
What is the units digit of 12410317?
7
What is the millions digit of 7742160?
7
What is the hundred thousands digit of 523518?
5
What is the hundreds digit of 4874805?
8
What is the tens digit of 1485441?
4
What is the hundred thousands digit of 6060854?
0
What is the hundreds digit of 185